{"id":21,"date":"2011-06-18T19:41:50","date_gmt":"2011-06-18T22:41:50","guid":{"rendered":"http:\/\/cmca.srv.br\/blogmax\/?page_id=21"},"modified":"2024-10-17T05:38:58","modified_gmt":"2024-10-17T08:38:58","slug":"experiencia","status":"publish","type":"page","link":"https:\/\/max.pro.br\/?page_id=21","title":{"rendered":"Experi\u00eancia"},"content":{"rendered":"<p style=\"text-align: right;\">\u201c<strong>A experi\u00eancia n\u00e3o \u00e9 o que acontece a um homem,<\/strong><br \/>\n<strong> mas aquilo que ele faz com o que lhe acontece<\/strong>\u201d<br \/>\nAldous Huxley<\/p>\n<p style=\"text-align: right;\"><strong><span style=\"font-size: xx-small;\"><em><span style=\"color: #ff0000;\">GERAL<\/span><\/em> &#8211; <a href=\"?page_id=54\">DOC\u00caNCIA<\/a> &#8211; <a href=\"?page_id=25\">BANCO DE DADOS <\/a>&#8211; <a href=\"?page_id=27\">AVALIA\u00c7\u00c3O<\/a><\/span><\/strong><\/p>\n<p>Forte experi\u00eancia na <strong>intermedia\u00e7\u00e3o da alta gest\u00e3o organizacional com a \u00e1rea de tecnologia<\/strong> e em projeto de sistemas \u2013 principalmente <strong><a title=\"Banco de dados\" href=\"http:\/\/cmca.srv.br\/blogmax\/?page_id=25\">modelagem de dados e bancos de dados relacionais<\/a>.<\/strong><\/p>\n<p>Atua\u00e7\u00e3o &#8211; em empresas de diversos portes e setores (BEMGE, Telemig Celular, Belgo Mineira, UNIBH, FEAD, LATACI\u00ae Research Institute, Skema Business School, entre outras) &#8211; na estrutura\u00e7\u00e3o de projetos e fluxos de informa\u00e7\u00e3o gerencial, an\u00e1lise, projeto e desenvolvimento de softwares, <strong>assessoria em planejamento estrat\u00e9gico<\/strong> e estrutura\u00e7\u00e3o organizacional. Coordenador de projetos de moderniza\u00e7\u00e3o tecnol\u00f3gica, an\u00e1lise e estrutura\u00e7\u00e3o de sistemas gerenciais e ERP, desenvolvimento e reestrutura\u00e7\u00e3o de processos.<\/p>\n<p><strong>Boa comunica\u00e7\u00e3o interpessoal<\/strong> e experi\u00eancia na coordena\u00e7\u00e3o e gerenciamento de equipes.<\/p>\n<p><a title=\"Doc\u00eancia\" href=\"?page_id=54\"><strong>Professor em diversos cursos<\/strong><\/a> desde 1996 (Universidade FUMEC, Newton Paiva, UNI-BH, Promove, FEAD, Skema Business School, entre outras).<\/p>\n<p>Especificamente em <strong>Institui\u00e7\u00f5es de Ensino Superior<\/strong>, experi\u00eancia na implanta\u00e7\u00e3o e desenvolvimento de <strong>PDI <\/strong>(Plano de Desenvolvimento Institucional), <strong>PPI <\/strong>(Projeto Pedag\u00f3gico Institucional), <strong>PPC <\/strong>(Projeto Pedag\u00f3gico de Curso), da <strong>CPA <\/strong>(Comiss\u00e3o Pr\u00f3pria de Avalia\u00e7\u00e3o) e na estrutura\u00e7\u00e3o administrativa geral, inclusive com o projeto e desenvolvimento de sisitema integrado administrativo-acad\u00eamico e processos de <strong>EAD <\/strong>(Ensino a Dist\u00e2ncia).<\/p>\n<p style=\"text-align: left;\"><strong><span style=\"font-size: xx-small;\"><em><span style=\"color: #ff0000;\">GERAL<\/span><\/em> &#8211; <a href=\"?page_id=54\">DOC\u00caNCIA<\/a> &#8211; <a href=\"?page_id=25\">BANCO DE DADOS <\/a>&#8211; <a href=\"?page_id=27\">AVALIA\u00c7\u00c3O<\/a><\/span><\/strong><\/p>\n","protected":false},"excerpt":{"rendered":"<p>\u201cA experi\u00eancia n\u00e3o \u00e9 o que acontece a um homem, mas aquilo que ele faz com o que lhe acontece\u201d &hellip; <span class=\"more-link\"><a href=\"https:\/\/max.pro.br\/?page_id=21\">Continue Reading<\/a><\/span><\/p>\n","protected":false},"author":1,"featured_media":0,"parent":0,"menu_order":2,"comment_status":"closed","ping_status":"closed","template":"","meta":{"footnotes":""},"class_list":["post-21","page","type-page","status-publish","hentry"],"_links":{"self":[{"href":"https:\/\/max.pro.br\/index.php?rest_route=\/wp\/v2\/pages\/21","targetHints":{"allow":["GET"]}}],"collection":[{"href":"https:\/\/max.pro.br\/index.php?rest_route=\/wp\/v2\/pages"}],"about":[{"href":"https:\/\/max.pro.br\/index.php?rest_route=\/wp\/v2\/types\/page"}],"author":[{"embeddable":true,"href":"https:\/\/max.pro.br\/index.php?rest_route=\/wp\/v2\/users\/1"}],"replies":[{"embeddable":true,"href":"https:\/\/max.pro.br\/index.php?rest_route=%2Fwp%2Fv2%2Fcomments&post=21"}],"version-history":[{"count":7,"href":"https:\/\/max.pro.br\/index.php?rest_route=\/wp\/v2\/pages\/21\/revisions"}],"predecessor-version":[{"id":2253,"href":"https:\/\/max.pro.br\/index.php?rest_route=\/wp\/v2\/pages\/21\/revisions\/2253"}],"wp:attachment":[{"href":"https:\/\/max.pro.br\/index.php?rest_route=%2Fwp%2Fv2%2Fmedia&parent=21"}],"curies":[{"name":"wp","href":"https:\/\/api.w.org\/{rel}","templated":true}]}}