{"id":370,"date":"2012-06-25T21:33:48","date_gmt":"2012-06-25T23:33:48","guid":{"rendered":"http:\/\/cmca.srv.br\/blogmax\/?page_id=370"},"modified":"2014-01-21T15:00:33","modified_gmt":"2014-01-21T17:00:33","slug":"a-disciplina","status":"publish","type":"page","link":"https:\/\/max.pro.br\/?page_id=370","title":{"rendered":"GIC &#8211; Disciplina"},"content":{"rendered":"<p style=\"text-align: right;\"><span style=\"font-size: xx-small;\"><strong><a href=\"?page_id=117\">INTRODU\u00c7\u00c3O<\/a> &#8211; <em><span style=\"color: #ff0000;\">DISCIPLINA<\/span><\/em> &#8211; <a href=\"?page_id=347\">BIBLIOGRAFIA<\/a> &#8211; <a href=\"?page_id=353\">AVALIA\u00c7\u00c3O<\/a> &#8211; <a href=\"?page_id=653\">DEPOIMENTOS<\/a><\/strong><\/span><\/p>\n<p><strong>Justificativa<\/strong><\/p>\n<p>Independentemente da ado\u00e7\u00e3o de novas tecnologias, a gest\u00e3o das informa\u00e7\u00f5es e sua estrutura\u00e7\u00e3o consciente podem representar um importante diferencial competitivo para as organiza\u00e7\u00f5es. Antes de tentar fazer a gest\u00e3o do conhecimento (t\u00e1cito), existe uma grande oportunidade de melhoria de resultados a partir da gest\u00e3o das informa\u00e7\u00f5es (registradas) que circulam em uma empresa. Compreender os fluxos de informa\u00e7\u00e3o e o contexto de cria\u00e7\u00e3o de conhecimento em uma organiza\u00e7\u00e3o, as fontes potenciais e aspectos relacionados \u00e0 sua seguran\u00e7a e disponibiliza\u00e7\u00e3o podem representar um ganho significativo no processo decis\u00f3rio. O mercado atual \u00e9 carente de profissionais com boa vis\u00e3o sist\u00eamica, que consigam identificar oportunidades de melhoria e que contribuam de forma mais geral para o desempenho da empresa \u2013 aqueles que n\u00e3o se limitam \u00e0 sua \u00e1rea de forma\u00e7\u00e3o ou especializa\u00e7\u00e3o \u2013 o que tamb\u00e9m contribui para a satisfa\u00e7\u00e3o pessoal de cada profissional.<\/p>\n<p><strong>P\u00fablico-alvo<\/strong><\/p>\n<p>Profissionais de diversas \u00e1reas, envolvidos com qualquer setor empresarial, inclusive pequenos empres\u00e1rios e prestadores de servi\u00e7os (entre eles advogados, fisioterapeutas, veterin\u00e1rios, fonoaudi\u00f3logos, psic\u00f3logos, etc) \u2013 que podem ampliar seu horizonte de atua\u00e7\u00e3o e melhorar o seu desempenho individual ou de seu pr\u00f3prio neg\u00f3cio.<\/p>\n<p><strong>Ementa<\/strong><\/p>\n<p>O papel da informa\u00e7\u00e3o e do conhecimento no processo decis\u00f3rio. Ger\u00eancia de Recursos Informacionais e Gest\u00e3o do Conhecimento: evolu\u00e7\u00e3o e pr\u00e1tica. Vis\u00e3o sist\u00eamica das organiza\u00e7\u00f5es focada em fluxos informacionais. Organiza\u00e7\u00e3o e uso da informa\u00e7\u00e3o e do conhecimento em contextos digitais. Contextos capacitantes.<\/p>\n<p><strong>Objetivos<\/strong><\/p>\n<p>Incentivar a constru\u00e7\u00e3o de uma vis\u00e3o estrat\u00e9gica sobre a gest\u00e3o da informa\u00e7\u00e3o e do conhecimento nas organiza\u00e7\u00f5es, a partir da discuss\u00e3o te\u00f3rico-pr\u00e1tica de uma vis\u00e3o sist\u00eamica focada em fluxos informacionais. Discutir os principais macro-fluxos empresariais (marketing, finan\u00e7as, log\u00edstica, pessoas, planejamento) em termos informacionais. Refletir sobre o uso de tecnologias em processos informacionais e de gest\u00e3o do conhecimento, estabelecendo uma \u201cponte de negocia\u00e7\u00e3o\u201d entre as \u00e1reas de gest\u00e3o e a \u00e1rea de TI nas empresas (terceirizadas ou n\u00e3o).<\/p>\n<p><span style=\"font-size: xx-small;\"><strong><a href=\"?page_id=117\">INTRODU\u00c7\u00c3O<\/a> &#8211; <em><span style=\"color: #ff0000;\">DISCIPLINA<\/span><\/em> &#8211; <a href=\"?page_id=347\">BIBLIOGRAFIA<\/a> &#8211; <a href=\"?page_id=353\">AVALIA\u00c7\u00c3O<\/a> &#8211; <a href=\"?page_id=653\">DEPOIMENTOS<\/a><\/strong><\/span><\/p>\n","protected":false},"excerpt":{"rendered":"<p>INTRODU\u00c7\u00c3O &#8211; DISCIPLINA &#8211; BIBLIOGRAFIA &#8211; AVALIA\u00c7\u00c3O &#8211; DEPOIMENTOS Justificativa Independentemente da ado\u00e7\u00e3o de novas tecnologias, a gest\u00e3o das informa\u00e7\u00f5es &hellip; <span class=\"more-link\"><a href=\"https:\/\/max.pro.br\/?page_id=370\">Continue Reading<\/a><\/span><\/p>\n","protected":false},"author":1,"featured_media":0,"parent":117,"menu_order":0,"comment_status":"closed","ping_status":"closed","template":"","meta":{"footnotes":""},"class_list":["post-370","page","type-page","status-publish","hentry"],"_links":{"self":[{"href":"https:\/\/max.pro.br\/index.php?rest_route=\/wp\/v2\/pages\/370","targetHints":{"allow":["GET"]}}],"collection":[{"href":"https:\/\/max.pro.br\/index.php?rest_route=\/wp\/v2\/pages"}],"about":[{"href":"https:\/\/max.pro.br\/index.php?rest_route=\/wp\/v2\/types\/page"}],"author":[{"embeddable":true,"href":"https:\/\/max.pro.br\/index.php?rest_route=\/wp\/v2\/users\/1"}],"replies":[{"embeddable":true,"href":"https:\/\/max.pro.br\/index.php?rest_route=%2Fwp%2Fv2%2Fcomments&post=370"}],"version-history":[{"count":6,"href":"https:\/\/max.pro.br\/index.php?rest_route=\/wp\/v2\/pages\/370\/revisions"}],"predecessor-version":[{"id":1976,"href":"https:\/\/max.pro.br\/index.php?rest_route=\/wp\/v2\/pages\/370\/revisions\/1976"}],"up":[{"embeddable":true,"href":"https:\/\/max.pro.br\/index.php?rest_route=\/wp\/v2\/pages\/117"}],"wp:attachment":[{"href":"https:\/\/max.pro.br\/index.php?rest_route=%2Fwp%2Fv2%2Fmedia&parent=370"}],"curies":[{"name":"wp","href":"https:\/\/api.w.org\/{rel}","templated":true}]}}

<p style="text-align: right;"><span style="font-size: xx-small;"><strong><a href="?page_id=117">INTRODUÇÃO</a> &#8211; <em><span style="color: #ff0000;">DISCIPLINA</span></em> &#8211; <a href="?page_id=347">BIBLIOGRAFIA</a> &#8211; <a href="?page_id=353">AVALIAÇÃO</a> &#8211; <a href="?page_id=653">DEPOIMENTOS</a></strong></span></p>
<p><strong>Justificativa</strong></p>
<p>Independentemente da adoção de novas tecnologias, a gestão das informações e sua estruturação consciente podem representar um importante diferencial competitivo para as organizações. Antes de tentar fazer a gestão do conhecimento (tácito), existe uma grande oportunidade de melhoria de resultados a partir da gestão das informações (registradas) que circulam em uma empresa. Compreender os fluxos de informação e o contexto de criação de conhecimento em uma organização, as fontes potenciais e aspectos relacionados à sua segurança e disponibilização podem representar um ganho significativo no processo decisório. O mercado atual é carente de profissionais com boa visão sistêmica, que consigam identificar oportunidades de melhoria e que contribuam de forma mais geral para o desempenho da empresa – aqueles que não se limitam à sua área de formação ou especialização – o que também contribui para a satisfação pessoal de cada profissional.</p>
<p><strong>Público-alvo</strong></p>
<p>Profissionais de diversas áreas, envolvidos com qualquer setor empresarial, inclusive pequenos empresários e prestadores de serviços (entre eles advogados, fisioterapeutas, veterinários, fonoaudiólogos, psicólogos, etc) – que podem ampliar seu horizonte de atuação e melhorar o seu desempenho individual ou de seu próprio negócio.</p>
<p><strong>Ementa</strong></p>
<p>O papel da informação e do conhecimento no processo decisório. Gerência de Recursos Informacionais e Gestão do Conhecimento: evolução e prática. Visão sistêmica das organizações focada em fluxos informacionais. Organização e uso da informação e do conhecimento em contextos digitais. Contextos capacitantes.</p>
<p><strong>Objetivos</strong></p>
<p>Incentivar a construção de uma visão estratégica sobre a gestão da informação e do conhecimento nas organizações, a partir da discussão teórico-prática de uma visão sistêmica focada em fluxos informacionais. Discutir os principais macro-fluxos empresariais (marketing, finanças, logística, pessoas, planejamento) em termos informacionais. Refletir sobre o uso de tecnologias em processos informacionais e de gestão do conhecimento, estabelecendo uma “ponte de negociação” entre as áreas de gestão e a área de TI nas empresas (terceirizadas ou não).</p>
<p><span style="font-size: xx-small;"><strong><a href="?page_id=117">INTRODUÇÃO</a> &#8211; <em><span style="color: #ff0000;">DISCIPLINA</span></em> &#8211; <a href="?page_id=347">BIBLIOGRAFIA</a> &#8211; <a href="?page_id=353">AVALIAÇÃO</a> &#8211; <a href="?page_id=653">DEPOIMENTOS</a></strong></span></p>

<p>INTRODUÇÃO &#8211; DISCIPLINA &#8211; BIBLIOGRAFIA &#8211; AVALIAÇÃO &#8211; DEPOIMENTOS Justificativa Independentemente da adoção de novas tecnologias, a gestão das informações &hellip; <span class="more-link"><a href="https://max.pro.br/?page_id=370">Continue Reading</a></span></p>
