{"id":653,"date":"2012-07-04T15:18:06","date_gmt":"2012-07-04T17:18:06","guid":{"rendered":"http:\/\/cmca.srv.br\/blogmax\/?page_id=653"},"modified":"2014-06-04T18:06:33","modified_gmt":"2014-06-04T20:06:33","slug":"depoimentos","status":"publish","type":"page","link":"https:\/\/max.pro.br\/?page_id=653","title":{"rendered":"GIC &#8211; Depoimentos"},"content":{"rendered":"<p style=\"text-align: right;\"><span style=\"font-size: xx-small;\"><strong><span style=\"color: #000000;\"><a href=\"?page_id=117\"><span style=\"color: #000000;\">INTRODU\u00c7\u00c3O<\/span><\/a><\/span> &#8211; <a href=\"?page_id=370\">DISCIPLINA<\/a> &#8211; <a href=\"?page_id=347\">BIBLIOGRAFIA<\/a> &#8211; <a title=\"GIC \u2013 Avalia\u00e7\u00e3o\" href=\"?page_id=353\">AVALIA\u00c7\u00c3O<\/a> &#8211; <em><span style=\"color: #ff0000;\">DEPOIMENTOS <\/span><\/em><\/strong><\/span><\/p>\n<p>A seguir alguns depoimentos de alunos:<\/p>\n<ul>\n<li><strong><a title=\"Depoimento GIC \u2013 Elaine Ricardo da Silva\" href=\"?p=2051\">Elaine Ricardo da Silva<br \/>\n<\/a><\/strong>MBA em Gest\u00e3o Estrat\u00e9gica de Pessoas &#8211; mai\/2014 &#8211; FUMEC<\/li>\n<\/ul>\n<ul>\n<li><strong><a title=\"Depoimento GIC \u2013 Daniel Pena\" href=\"https:\/\/max.pro.br\/?p=2047\">Daniel Pena<br \/>\n<\/a><\/strong>MBA em Gest\u00e3o Estrat\u00e9gica de Pessoas &#8211; mai\/2014 &#8211; FUMEC<\/li>\n<\/ul>\n<ul>\n<li><strong><a title=\"Depoimento GIC \u2013 Andr\u00e9, Fl\u00e1via, Maria de Lourdes\" href=\"?p=1333\">Andr\u00e9 \u00cdndio do Brasil Carreira Cunha<br \/>\n<\/a><\/strong>MBA em Contabilidade e Finan\u00e7as \u2013 dez\/2012 \u2013 UNIBH<\/li>\n<\/ul>\n<ul>\n<li><a title=\"Depoimento GIC \u2013 Ariana, Lanucy e Vera\" href=\"?p=1159\"><strong>Ariana da Concei\u00e7\u00e3o Gon\u00e7alves<\/strong><\/a><br \/>\nMBA em Gest\u00e3o Estrat\u00e9gica de Pessoas &#8211; ago\/2012 &#8211; FUMEC<\/li>\n<\/ul>\n<ul>\n<li><strong><a title=\"Depoimento GIC \u2013 Camila, D\u00e9bora, V\u00edvia\" href=\"?p=1339\">Camila Francisca Nolasco<\/a><br \/>\n<\/strong>MBA em Gest\u00e3o de Custos e Controladoria \u2013 dez\/2012 \u2013 UNIBH<\/li>\n<\/ul>\n<ul>\n<li><a title=\"Depoimento GIC \u2013 Camila, D\u00e9bora, V\u00edvia\" href=\"?p=1339\"><strong>D\u00e9bora de Oliveira Faria<\/strong><\/a><br \/>\nMBA em Gest\u00e3o de Custos e Controladoria \u2013 dez\/2012 \u2013 UNIBH<\/li>\n<\/ul>\n<ul>\n<li><a title=\"Depoimento GIC \u2013 Eliana, Gabriel, Gabriela e M\u00e1rio\" href=\"?p=954\"><strong>Eliana Gon\u00e7alves Rosa<\/strong><\/a><br \/>\nMBA Gest\u00e3o de Neg\u00f3cios &#8211; jul\/2012 &#8211; UNIBH<\/li>\n<\/ul>\n<ul>\n<li><a title=\"Depoimento GIC \u2013 Fl\u00e1via F\u00e1tima Oliveira\" href=\"?p=1172\"><strong>Fl\u00e1via F\u00e1tima Oliveira<\/strong><\/a><br \/>\nMBA em Gest\u00e3o Estrat\u00e9gica de Pessoas &#8211; ago\/2012 &#8211; FUMEC<\/li>\n<\/ul>\n<ul>\n<li><a title=\"Depoimento GIC \u2013 Fl\u00e1via Carvalho, Fl\u00e1via Oliveira e Pedrita\" href=\"?p=1193\"><strong>Fl\u00e1via Regina de Carvalho<\/strong><\/a><br \/>\nMBA em Gest\u00e3o Estrat\u00e9gica de Pessoas &#8211; ago\/2012 &#8211; FUMEC<\/li>\n<\/ul>\n<ul>\n<li><a title=\"Depoimento GIC \u2013 Andr\u00e9, Fl\u00e1via, Maria de Lourdes\" href=\"?p=1333\"><strong>Fl\u00e1via Santana<\/strong><\/a><br \/>\nMBA em Gest\u00e3o Estrat\u00e9gica em Log\u00edstica e Produ\u00e7\u00e3o \u2013 dez\/2012 \u2013 UNIBH<\/li>\n<\/ul>\n<ul>\n<li><a title=\"Depoimento GIC \u2013 Eliana, Gabriel, Gabriela e M\u00e1rio\" href=\"?p=954\"><strong>Gabriel Lacerda Pedra<\/strong><\/a><br \/>\nMBA Gest\u00e3o da Qualidade &#8211; jul\/2012 &#8211; UNIBH<\/li>\n<\/ul>\n<ul>\n<li><a title=\"Depoimento GIC \u2013 Gabriela Antunes Xavier da Silva\" href=\"?p=689\"><span style=\"text-decoration: underline;\"><strong>Gabriela Antunes Xavier da Silva<\/strong><\/span><\/a><br \/>\nMBA Comunica\u00e7\u00e3o Estrat\u00e9gica e Branding &#8211; jul\/2012 \u2013 UNIBH<\/li>\n<\/ul>\n<ul>\n<li><a title=\"Depoimento GIC \u2013 Eliana, Gabriel, Gabriela e M\u00e1rio\" href=\"?p=954\"><strong>Gabriela Louren\u00e7o Ridolfi<\/strong><\/a><br \/>\nMBA Gest\u00e3o de Neg\u00f3cios &#8211; jul\/2012 &#8211; UNIBH<\/li>\n<\/ul>\n<ul>\n<li><a title=\"Depoimento GIC \u2013 Henrique Miura Castro\" href=\"?p=793\"><strong>Henrique Miura Castro<\/strong><\/a><br \/>\nMBA Gest\u00e3o de Neg\u00f3cios &#8211; jul\/2012 \u2013 UNIBH<\/li>\n<\/ul>\n<ul>\n<li><a title=\"Depoimento GIC \u2013 Ariana, Lanucy e Vera\" href=\"?p=1159\"><strong>Lanucy Camila Diniz<\/strong><\/a><br \/>\nMBA em Gest\u00e3o Estrat\u00e9gica de Pessoas &#8211; ago\/2012 &#8211; FUMEC<\/li>\n<\/ul>\n<ul>\n<li><a title=\"Depoimento GIC \u2013 Lilian Ferreira de Almeida\" href=\"?p=804\"><strong>Lilian Ferreira de Almeida<\/strong><\/a><br \/>\nMBA Gest\u00e3o de Neg\u00f3cios &#8211; jul\/2012 \u2013 UNIBH<\/li>\n<\/ul>\n<ul>\n<li><a title=\"Depoimento GIC \u2013 Luiz Cl\u00e1udio G. Dias\" href=\"?p=671\"><strong>Luiz Cl\u00e1udio G. Dias<\/strong><\/a><br \/>\nMBA Comunica\u00e7\u00e3o Estrat\u00e9gica e Branding &#8211; jul\/2012 &#8211; UNIBH<\/li>\n<\/ul>\n<ul>\n<li><a title=\"Depoimento GIC \u2013 Marcus Vin\u00edcius Santos Marques\" href=\"?p=932\"><strong>Marcus Vin\u00edcius Santos Marques<\/strong><\/a><br \/>\nMBA Gest\u00e3o de Neg\u00f3cios &#8211; jul\/2012 \u2013 UNIBH<\/li>\n<\/ul>\n<ul>\n<li><a title=\"Depoimento GIC \u2013 Andr\u00e9, Fl\u00e1via, Maria de Lourdes\" href=\"?p=1333\"><strong>Maria de Lourdes Fernandes<\/strong><\/a><br \/>\nMBA Executivo de Lideran\u00e7a \u2013 dez\/2012 \u2013 UNIBH<\/li>\n<\/ul>\n<ul>\n<li><a title=\"Depoimento GIC \u2013 Eliana, Gabriel, Gabriela e M\u00e1rio\" href=\"?p=954\"><strong>M\u00e1rio Luiz Sugwinoshita<\/strong><\/a><br \/>\nMBA Gest\u00e3o de Neg\u00f3cios &#8211; jul\/2012 &#8211; UNIBH<\/li>\n<\/ul>\n<ul>\n<li><a title=\"Depoimento GIC \u2013 Neiliane Carvalho Couto\" href=\"?p=695\"><strong>Neiliane Carvalho Couto<\/strong><\/a><br \/>\nMBA Comunica\u00e7\u00e3o Estrat\u00e9gica e Branding &#8211; jul\/2012 \u2013 UNIBH<\/li>\n<\/ul>\n<ul>\n<li><a title=\"Depoimento GIC \u2013 Fl\u00e1via Carvalho, Fl\u00e1via Oliveira e Pedrita\" href=\"?p=1193\"><strong>Pedrita Karry Pinho Caldas<\/strong><\/a><br \/>\nMBA em Gest\u00e3o Estrat\u00e9gica de Pessoas &#8211; ago\/2012 &#8211; FUMEC<\/li>\n<\/ul>\n<ul>\n<li><a title=\"Depoimento GIC \u2013 Priscila Gazel Lima\" href=\"?p=937\"><strong>Priscila Gazel Lima<\/strong><\/a><br \/>\nMBA Gest\u00e3o de Neg\u00f3cios &#8211; jul\/2012 \u2013 UNIBH<\/li>\n<\/ul>\n<ul>\n<li><a title=\"Depoimento GIC \u2013 Ariana, Lanucy e Vera\" href=\"?p=1159\"><strong>Vera L\u00facia Drumond Alves<\/strong><\/a><br \/>\nMBA em Gest\u00e3o Estrat\u00e9gica de Pessoas &#8211; ago\/2012 &#8211; FUMEC<\/li>\n<\/ul>\n<ul>\n<li><a title=\"Depoimento GIC \u2013 Camila, D\u00e9bora, V\u00edvia\" href=\"?p=1339\"><strong>V\u00edvia Schmidt Kopelke<\/strong><\/a><br \/>\nMBA em Gest\u00e3o de Custos e Controladoria \u2013 dez\/2012 \u2013 UNIBH<\/li>\n<\/ul>\n<p style=\"text-align: left;\"><span style=\"font-size: xx-small;\"><strong><a href=\"?page_id=117\">INTRODU\u00c7\u00c3O<\/a> &#8211; <a href=\"?page_id=370\">DISCIPLINA<\/a> &#8211; <a href=\"?page_id=347\">BIBLIOGRAFIA<\/a> &#8211; <a title=\"GIC \u2013 Avalia\u00e7\u00e3o\" href=\"?page_id=353\">AVALIA\u00c7\u00c3O<\/a> &#8211; <em><span style=\"color: #ff0000;\">DEPOIMENTOS <\/span><\/em><\/strong><\/span><\/p>\n","protected":false},"excerpt":{"rendered":"<p>INTRODU\u00c7\u00c3O &#8211; DISCIPLINA &#8211; BIBLIOGRAFIA &#8211; AVALIA\u00c7\u00c3O &#8211; DEPOIMENTOS A seguir alguns depoimentos de alunos: Elaine Ricardo da Silva MBA &hellip; <span class=\"more-link\"><a href=\"https:\/\/max.pro.br\/?page_id=653\">Continue Reading<\/a><\/span><\/p>\n","protected":false},"author":1,"featured_media":0,"parent":117,"menu_order":0,"comment_status":"closed","ping_status":"closed","template":"","meta":{"footnotes":""},"class_list":["post-653","page","type-page","status-publish","hentry"],"_links":{"self":[{"href":"https:\/\/max.pro.br\/index.php?rest_route=\/wp\/v2\/pages\/653","targetHints":{"allow":["GET"]}}],"collection":[{"href":"https:\/\/max.pro.br\/index.php?rest_route=\/wp\/v2\/pages"}],"about":[{"href":"https:\/\/max.pro.br\/index.php?rest_route=\/wp\/v2\/types\/page"}],"author":[{"embeddable":true,"href":"https:\/\/max.pro.br\/index.php?rest_route=\/wp\/v2\/users\/1"}],"replies":[{"embeddable":true,"href":"https:\/\/max.pro.br\/index.php?rest_route=%2Fwp%2Fv2%2Fcomments&post=653"}],"version-history":[{"count":6,"href":"https:\/\/max.pro.br\/index.php?rest_route=\/wp\/v2\/pages\/653\/revisions"}],"predecessor-version":[{"id":2054,"href":"https:\/\/max.pro.br\/index.php?rest_route=\/wp\/v2\/pages\/653\/revisions\/2054"}],"up":[{"embeddable":true,"href":"https:\/\/max.pro.br\/index.php?rest_route=\/wp\/v2\/pages\/117"}],"wp:attachment":[{"href":"https:\/\/max.pro.br\/index.php?rest_route=%2Fwp%2Fv2%2Fmedia&parent=653"}],"curies":[{"name":"wp","href":"https:\/\/api.w.org\/{rel}","templated":true}]}}

<p style="text-align: right;"><span style="font-size: xx-small;"><strong><span style="color: #000000;"><a href="?page_id=117"><span style="color: #000000;">INTRODUÇÃO</span></a></span> &#8211; <a href="?page_id=370">DISCIPLINA</a> &#8211; <a href="?page_id=347">BIBLIOGRAFIA</a> &#8211; <a title="GIC – Avaliação" href="?page_id=353">AVALIAÇÃO</a> &#8211; <em><span style="color: #ff0000;">DEPOIMENTOS </span></em></strong></span></p>
<p>A seguir alguns depoimentos de alunos:</p>
<ul>
<li><strong><a title="Depoimento GIC – Elaine Ricardo da Silva" href="?p=2051">Elaine Ricardo da Silva<br />
</a></strong>MBA em Gestão Estratégica de Pessoas &#8211; mai/2014 &#8211; FUMEC</li>
</ul>
<ul>
<li><strong><a title="Depoimento GIC – Daniel Pena" href="https://max.pro.br/?p=2047">Daniel Pena<br />
</a></strong>MBA em Gestão Estratégica de Pessoas &#8211; mai/2014 &#8211; FUMEC</li>
</ul>
<ul>
<li><strong><a title="Depoimento GIC – André, Flávia, Maria de Lourdes" href="?p=1333">André Índio do Brasil Carreira Cunha<br />
</a></strong>MBA em Contabilidade e Finanças – dez/2012 – UNIBH</li>
</ul>
<ul>
<li><a title="Depoimento GIC – Ariana, Lanucy e Vera" href="?p=1159"><strong>Ariana da Conceição Gonçalves</strong></a><br />
MBA em Gestão Estratégica de Pessoas &#8211; ago/2012 &#8211; FUMEC</li>
</ul>
<ul>
<li><strong><a title="Depoimento GIC – Camila, Débora, Vívia" href="?p=1339">Camila Francisca Nolasco</a><br />
</strong>MBA em Gestão de Custos e Controladoria – dez/2012 – UNIBH</li>
</ul>
<ul>
<li><a title="Depoimento GIC – Camila, Débora, Vívia" href="?p=1339"><strong>Débora de Oliveira Faria</strong></a><br />
MBA em Gestão de Custos e Controladoria – dez/2012 – UNIBH</li>
</ul>
<ul>
<li><a title="Depoimento GIC – Eliana, Gabriel, Gabriela e Mário" href="?p=954"><strong>Eliana Gonçalves Rosa</strong></a><br />
MBA Gestão de Negócios &#8211; jul/2012 &#8211; UNIBH</li>
</ul>
<ul>
<li><a title="Depoimento GIC – Flávia Fátima Oliveira" href="?p=1172"><strong>Flávia Fátima Oliveira</strong></a><br />
MBA em Gestão Estratégica de Pessoas &#8211; ago/2012 &#8211; FUMEC</li>
</ul>
<ul>
<li><a title="Depoimento GIC – Flávia Carvalho, Flávia Oliveira e Pedrita" href="?p=1193"><strong>Flávia Regina de Carvalho</strong></a><br />
MBA em Gestão Estratégica de Pessoas &#8211; ago/2012 &#8211; FUMEC</li>
</ul>
<ul>
<li><a title="Depoimento GIC – André, Flávia, Maria de Lourdes" href="?p=1333"><strong>Flávia Santana</strong></a><br />
MBA em Gestão Estratégica em Logística e Produção – dez/2012 – UNIBH</li>
</ul>
<ul>
<li><a title="Depoimento GIC – Eliana, Gabriel, Gabriela e Mário" href="?p=954"><strong>Gabriel Lacerda Pedra</strong></a><br />
MBA Gestão da Qualidade &#8211; jul/2012 &#8211; UNIBH</li>
</ul>
<ul>
<li><a title="Depoimento GIC – Gabriela Antunes Xavier da Silva" href="?p=689"><span style="text-decoration: underline;"><strong>Gabriela Antunes Xavier da Silva</strong></span></a><br />
MBA Comunicação Estratégica e Branding &#8211; jul/2012 – UNIBH</li>
</ul>
<ul>
<li><a title="Depoimento GIC – Eliana, Gabriel, Gabriela e Mário" href="?p=954"><strong>Gabriela Lourenço Ridolfi</strong></a><br />
MBA Gestão de Negócios &#8211; jul/2012 &#8211; UNIBH</li>
</ul>
<ul>
<li><a title="Depoimento GIC – Henrique Miura Castro" href="?p=793"><strong>Henrique Miura Castro</strong></a><br />
MBA Gestão de Negócios &#8211; jul/2012 – UNIBH</li>
</ul>
<ul>
<li><a title="Depoimento GIC – Ariana, Lanucy e Vera" href="?p=1159"><strong>Lanucy Camila Diniz</strong></a><br />
MBA em Gestão Estratégica de Pessoas &#8211; ago/2012 &#8211; FUMEC</li>
</ul>
<ul>
<li><a title="Depoimento GIC – Lilian Ferreira de Almeida" href="?p=804"><strong>Lilian Ferreira de Almeida</strong></a><br />
MBA Gestão de Negócios &#8211; jul/2012 – UNIBH</li>
</ul>
<ul>
<li><a title="Depoimento GIC – Luiz Cláudio G. Dias" href="?p=671"><strong>Luiz Cláudio G. Dias</strong></a><br />
MBA Comunicação Estratégica e Branding &#8211; jul/2012 &#8211; UNIBH</li>
</ul>
<ul>
<li><a title="Depoimento GIC – Marcus Vinícius Santos Marques" href="?p=932"><strong>Marcus Vinícius Santos Marques</strong></a><br />
MBA Gestão de Negócios &#8211; jul/2012 – UNIBH</li>
</ul>
<ul>
<li><a title="Depoimento GIC – André, Flávia, Maria de Lourdes" href="?p=1333"><strong>Maria de Lourdes Fernandes</strong></a><br />
MBA Executivo de Liderança – dez/2012 – UNIBH</li>
</ul>
<ul>
<li><a title="Depoimento GIC – Eliana, Gabriel, Gabriela e Mário" href="?p=954"><strong>Mário Luiz Sugwinoshita</strong></a><br />
MBA Gestão de Negócios &#8211; jul/2012 &#8211; UNIBH</li>
</ul>
<ul>
<li><a title="Depoimento GIC – Neiliane Carvalho Couto" href="?p=695"><strong>Neiliane Carvalho Couto</strong></a><br />
MBA Comunicação Estratégica e Branding &#8211; jul/2012 – UNIBH</li>
</ul>
<ul>
<li><a title="Depoimento GIC – Flávia Carvalho, Flávia Oliveira e Pedrita" href="?p=1193"><strong>Pedrita Karry Pinho Caldas</strong></a><br />
MBA em Gestão Estratégica de Pessoas &#8211; ago/2012 &#8211; FUMEC</li>
</ul>
<ul>
<li><a title="Depoimento GIC – Priscila Gazel Lima" href="?p=937"><strong>Priscila Gazel Lima</strong></a><br />
MBA Gestão de Negócios &#8211; jul/2012 – UNIBH</li>
</ul>
<ul>
<li><a title="Depoimento GIC – Ariana, Lanucy e Vera" href="?p=1159"><strong>Vera Lúcia Drumond Alves</strong></a><br />
MBA em Gestão Estratégica de Pessoas &#8211; ago/2012 &#8211; FUMEC</li>
</ul>
<ul>
<li><a title="Depoimento GIC – Camila, Débora, Vívia" href="?p=1339"><strong>Vívia Schmidt Kopelke</strong></a><br />
MBA em Gestão de Custos e Controladoria – dez/2012 – UNIBH</li>
</ul>
<p style="text-align: left;"><span style="font-size: xx-small;"><strong><a href="?page_id=117">INTRODUÇÃO</a> &#8211; <a href="?page_id=370">DISCIPLINA</a> &#8211; <a href="?page_id=347">BIBLIOGRAFIA</a> &#8211; <a title="GIC – Avaliação" href="?page_id=353">AVALIAÇÃO</a> &#8211; <em><span style="color: #ff0000;">DEPOIMENTOS </span></em></strong></span></p>

<p>INTRODUÇÃO &#8211; DISCIPLINA &#8211; BIBLIOGRAFIA &#8211; AVALIAÇÃO &#8211; DEPOIMENTOS A seguir alguns depoimentos de alunos: Elaine Ricardo da Silva MBA &hellip; <span class="more-link"><a href="https://max.pro.br/?page_id=653">Continue Reading</a></span></p>
